NOAA style reports

NOAA-style Climate Reports

Select a Year or Month report

Report for 2019 Nov
                   Monthly Climatological Summary for nov 2019

Name: kvikklunsj.net   City: Alta   State: Norge
Elevation: 16 m  Lat: N 69° 52' 21"   Lon: E 023° 28' 10"

                  Temperature (°C), Rain (mm), Wind Speed (m/s)

                                      Heat  Cool        Avg
    Mean                              Deg   Deg         Wind                 Dom
Day Temp  High   Time   Low    Time   Days  Days  Rain  Speed High   Time    Dir
----------------------------------------------------------------------------------
 1  -7,3  -4,4   13:37 -13,2   02:51  22,8   0,0   0,5   1,1   7,2   13:00    SØ
 2  -9,7  -6,6   00:01 -11,8   20:50  25,2   0,0   0,0   1,0   7,2   21:08    SØ
 3 -13,8 -10,9   01:34 -17,6   17:27  29,3   0,0   0,0   0,3   6,7   00:06    SØ
 4  -9,2  -2,8   14:38 -16,1   02:28  24,7   0,0   0,1   0,4   5,4   15:26    SØ
 5  -2,3  -0,1   07:52 -10,3   00:27  17,7   0,0   0,0   0,2   4,0   02:13    SØ
 6 -10,6  -2,9   01:23 -18,5   23:50  26,1   0,0   1,5   0,2   2,7   04:08    SØ
 7 -13,7  -9,6   20:21 -18,4   00:05  29,2   0,0   0,0   0,0   1,3   03:31    SØ
 8 -12,0  -8,3   17:45 -17,1   02:16  27,5   0,0   0,0   0,0   1,8   21:37    SØ
 9 -12,9  -8,5   10:50 -17,7   20:29  28,4   0,0   0,0   0,1   2,2   14:33    SØ
10 -17,0 -15,8   12:49 -17,6   13:54  32,4   0,0   0,0   0,2   3,6   12:31    SØ
11 -16,1 -15,2   11:12 -17,2   19:11  31,6   0,0   0,0   0,5   5,4   16:14    SØ
12 -10,8  -5,4   23:53 -16,9   02:32  26,3   0,0   0,0   0,5   6,3   22:19   SSØ
13  -3,5  -0,2   23:28  -5,8   00:38  19,0   0,0   0,0   1,1   7,6   08:02   SSØ
14  -1,9   0,9   10:09  -5,4   15:38  17,4   0,0   0,0   0,4   5,8   01:08   SSØ
15  -6,4  -3,7   00:00  -9,3   23:51  21,9   0,0   0,0   0,0   1,3   17:39     Ø
16  -9,6  -6,3   04:00 -12,8   21:07  25,0   0,0   0,0   0,7   5,4   16:26   SSØ
17  -6,0  -3,2   12:11 -13,7   02:47  21,5   0,0   0,0   0,9   6,7   18:48   SSØ
18  -5,4  -3,6   15:57  -8,6   12:29  20,9   0,0   0,0   0,7   8,9   16:33   SSØ
19  -0,3   2,6   20:24  -5,7   01:17  15,8   0,0   2,0   1,8  10,3   02:34   SSØ
20   2,3   3,6   11:51  -0,7   23:35  13,2   0,0   1,6   2,1  11,2   03:46   SSØ
21   1,4   3,8   05:54  -0,7   01:42  14,1   0,0   0,0   2,0   8,5   13:37   SSØ
----------------------------------------------------------------------------------
    -7,8   3,8    21   -18,5     6   490,0   0,0   5,7   0,7  11,2    20     SSØ

Max >=  18,0:  0
Max <=   0,0: 17
Min <=   0,0: 21
Min <= -18,0:  2
Max Rain: 2,0 on day 19
Days of Rain: 4 (>= 0,2 mm)  1 (>= 2,0 mm)  0 (>= 10,0 mm)
Heat Base: 15,5  Cool Base: 18,3  Method: Integration