NOAA style reports

NOAA-style Climate Reports

Select a Year or Month report

Report for 2020 Oct
                   Monthly Climatological Summary for okt 2020

Name: kvikklunsj.net   City: Alta   State: Norge
Elevation: 16 m  Lat: N 69° 52' 21"   Lon: E 023° 28' 10"

                  Temperature (°C), Rain (mm), Wind Speed (m/s)

                                      Heat  Cool        Avg
    Mean                              Deg   Deg         Wind                 Dom
Day Temp  High   Time   Low    Time   Days  Days  Rain  Speed High   Time    Dir
----------------------------------------------------------------------------------
 1   8,3  10,7   14:03   5,4   07:08   7,1   0,0   0,0   0,0   2,7   00:08   SSØ
 2  10,3  12,2   19:40   7,7   04:19   5,2   0,0   0,0   1,2  10,3   15:56    SØ
 3  11,0  12,3   10:41   8,8   22:17   4,5   0,0   0,0   2,2  10,7   14:58   SSØ
 4   9,7  12,3   13:04   5,8   23:53   5,8   0,0   0,0   2,0   8,9   08:18   SSØ
 5   5,5   8,6   12:48   1,9   23:36  10,0   0,0   0,0   0,6   6,3   13:44   SSØ
 6   5,8   7,9   21:43   1,3   00:55   9,7   0,0   0,0   1,8  11,6   23:16    SØ
 7   9,3  11,7   23:33   7,7   01:36   6,2   0,0   0,0   2,4   9,8   23:36   SSØ
 8  12,6  13,9   15:41  10,0   21:51   2,9   0,0   0,2   2,8  13,0   02:21    SØ
 9  10,8  12,9   14:00   8,4   22:51   4,7   0,0   0,2   0,9   5,8   12:38   SSØ
10   8,2   9,8   14:39   6,7   23:08   7,3   0,0   1,0   0,0   2,2   00:10   SSØ
11   6,1   8,1   12:39   4,0   23:35   9,4   0,0   0,4   0,1   3,1   12:13     N
12   4,3   6,4   13:10   3,0   23:56  11,2   0,0   4,2   0,0   2,2   16:32     N
13   1,4   3,6   14:12  -0,1   20:33  14,1   0,0   4,2   0,1   2,7   23:03   SSØ
14   3,8   6,9   12:52   0,7   02:08  11,2   0,0   0,8   0,8   6,3   21:08   SSØ
15   3,2   5,6   13:39  -0,7   02:20  12,3   0,0   0,2   0,5   7,2   20:07   NNV
16   1,3   3,1   00:00   0,1   19:06  14,2   0,0   9,6   0,1   1,8   02:09    SØ
17  -1,6   0,4   12:16  -6,6   23:57  17,1   0,0   0,2   0,0   0,9   02:04   ---
18  -4,1  -0,2   12:22  -7,9   04:48  19,6   0,0   0,0   0,0   0,4   12:23   ---
19  -5,5   0,0   14:27 -10,1   05:37  21,0   0,0   0,0   0,0   0,4   00:01   ---
20  -2,2   0,9   14:56  -5,4   00:51  17,7   0,0   0,0   0,0   1,3   20:40    SØ
21  -5,1  -2,6   12:50  -7,7   22:20  20,6   0,0   0,0   0,0   1,8   05:26    SØ
22  -3,6  -0,7   21:06  -6,2   00:18  19,1   0,0   0,0   0,2   7,2   18:59     Ø
23   0,3   3,1   22:16  -1,8   01:06  15,2   0,0   1,8   0,9   7,6   21:23   NNØ
24   3,4   4,1   13:01   2,4   00:27  12,1   0,0   2,6   2,3   9,4   01:54     N
25   1,9   3,2   00:00   0,8   13:52  14,1   0,0   1,2   1,3  13,9   23:26    SØ
26   0,7   3,5   11:48  -3,4   21:34  14,8   0,0   3,6   2,2  17,4   04:59    SØ
27  -2,9  -1,1   12:24  -5,8   05:28  18,4   0,0   0,0   0,1   3,1   00:24   SSØ
----------------------------------------------------------------------------------
     3,4  13,9     8   -10,1    19   325,5   0,0  30,2   0,8  17,4    26      SØ

Max >=  18,0:  0
Max <=   0,0:  5
Min <=   0,0: 11
Min <= -18,0:  0
Max Rain: 9,6 on day 16
Days of Rain: 14 (>= 0,2 mm)  5 (>= 2,0 mm)  0 (>= 10,0 mm)
Heat Base: 15,5  Cool Base: 18,3  Method: Integration