NOAA style reports

NOAA-style Climate Reports

Select a Year or Month report
V/Λ2020 > Jan Feb Mar Apr May Jun Jul Aug Sep Oct Nov Dec
V/Λ2019 > Jan Feb Mar Apr May Jun Jul Aug Sep Oct Nov Dec
V/Λ2018 > Jan Feb Mar Apr May Jun Jul Aug Sep Oct Nov Dec
V/Λ2017 > Jan Feb Mar Apr May Jun Jul Aug Sep Oct Nov Dec
V/Λ2016 > Jan Feb Mar Apr May Jun Jul Aug Sep Oct Nov Dec
V/Λ2015 > Jan Feb Mar Apr May Jun Jul Aug Sep Oct Nov Dec
V/Λ2014 > Jan Feb Mar Apr May Jun Jul Aug Sep Oct Nov Dec
V/Λ2013 > Jan Feb Mar Apr May Jun Jul Aug Sep Oct Nov Dec

Report for 2020 Jan
                   Monthly Climatological Summary for jan 2020

Name: kvikklunsj.net   City: Alta   State: Norge
Elevation: 16 m  Lat: N 69° 52' 21"   Lon: E 023° 28' 10"

                  Temperature (°C), Rain (mm), Wind Speed (m/s)

                                      Heat  Cool        Avg
    Mean                              Deg   Deg         Wind                 Dom
Day Temp  High   Time   Low    Time   Days  Days  Rain  Speed High   Time    Dir
----------------------------------------------------------------------------------
 1  -7,2  -3,3   00:00 -12,5   13:07  22,7   0,0   8,1   0,2   4,0   19:19   SSØ
 2  -3,6   4,1   19:56  -6,6   05:47  19,1   0,0   4,6   0,4   9,8   18:26   SSØ
 3  -3,1   2,4   01:15  -8,7   22:01  18,6   0,0   2,3   0,2   4,9   00:59   SSØ
 4  -5,9  -1,4   10:30 -10,9   01:41  21,4   0,0   0,7   1,4  11,2   10:34   NNV
 5  -5,7  -3,3   02:15  -8,5   19:47  21,2   0,0   4,5   0,5   4,9   02:24     S
 6  -6,9  -3,7   23:49  -9,4   03:59  22,4   0,0   0,1   0,6   5,8   01:27    SØ
 7  -1,1   0,7   11:45  -4,6   22:35  16,6   0,0   0,1   0,5   6,7   23:58   SSØ
 8   0,9   2,9   11:56  -2,7   20:49  14,6   0,0   5,5   1,8  13,4   06:29   SSØ
 9   1,8   3,4   11:07   0,4   00:39  13,7   0,0   0,7   2,6  14,8   16:27   SSV
10  -0,1   2,7   07:05  -4,8   16:53  15,6   0,0   9,3   1,4   9,8   00:32   VSV
11  -2,3   0,6   02:47  -4,5   16:49  17,8   0,0   0,3   0,8   7,2   22:48   SSØ
12  -4,0  -3,0   00:00  -4,9   23:03  19,5   0,0   1,8   0,1   3,6   01:27     S
13  -6,9  -3,9   01:54 -10,4   20:45  22,3   0,0   0,0   0,0   0,0   00:00   ---
14  -5,7  -3,9   18:46  -8,1   02:27  21,2   0,0   0,0   0,0   4,9   21:47   ØSØ
15  -6,8  -5,5   23:46  -8,3   09:29  22,2   0,0   0,0   0,0   0,0   00:00   ---
16  -5,5  -4,2   02:47  -6,6   06:32  21,0   0,0   0,0   0,0   0,0   00:00   ---
17 -10,9  -4,9   03:58 -15,2   23:59  26,4   0,0   0,0   0,1   4,0   20:33    SØ
18 -12,7  -7,6   23:28 -17,6   01:00  28,2   0,0   0,0   0,3   5,4   09:28    SØ
19  -8,5  -5,8   23:52 -10,8   16:29  24,0   0,0   0,0   0,6   9,4   05:50    SØ
20  -1,1   4,2   15:15  -6,2   00:35  16,5   0,0   6,0   1,0  13,0   09:20   SSØ
21  -0,4   2,1   00:00  -2,6   18:53  15,9   0,0   0,0   0,6   6,3   05:23   SSØ
22  -2,8  -0,9   02:28  -4,3   09:28  18,3   0,0   0,0   2,8  11,2   11:52   NNV
23  -4,9  -2,8   00:00  -7,3   23:01  20,4   0,0   0,0   1,2   8,5   10:36   SSØ
----------------------------------------------------------------------------------
    -4,5   4,2    20   -17,6    18   459,6   0,0  44,0   0,7  14,8     9       S

Max >=  18,0:  0
Max <=   0,0: 14
Min <=   0,0: 22
Min <= -18,0:  0
Max Rain: 9,3 on day 10
Days of Rain: 11 (>= 0,2 mm)  7 (>= 2,0 mm)  0 (>= 10,0 mm)
Heat Base: 15,5  Cool Base: 18,3  Method: Integration